. List the prime factors of q(r).
2, 83
List the prime factors of ((-28)/84)/(9815/2454 + -4).
2, 409
Let w = 11 - 6. Suppose 45 + 27 = 9*c. Suppose 0 = -c*a + w*a + 291. What are the prime factors of a?
97
Let b be (4 - 4)/1 + 4. Suppose 373 = 7*a - 6*a - b*p, 4*a = -3*p + 1435. What are the prime factors of a?
19
Let j(q) be the third derivative of 49*q**4/4 - 35*q**3/6 + 14*q**2. What are the prime factors of j(5)?
5, 7, 41
Let q(t) = 5*t - 2 - 5 + 2 - 17*t + 1. Let s be 6/9*(-6)/2. What are the prime factors of q(s)?
2, 5
Let l be 204/170 + 10578/10. Suppose 14*a - 5605 = l. What are the prime factors of a?
2, 7, 17
Suppose -6*t + 145 = -23. Suppose 4*w - 4*b = t, -2*w + b + 1 = -3*w. Suppose -i - 4*i = -5*j - 195, w*i = 5*j + 123. What are the prime factors of i?
2, 3
Let b be (-12)/(-21)*(-3633)/(-6). Suppose 3*j - b = -115. List the prime factors of j.
7, 11
Suppose -2*n + 532 = 4*l, -2*l + l + 813 = 3*n. Let r = 617 - n. What are the prime factors of r?
3, 5, 23
Let j = -291 - -296. List the prime factors of j + -8 + (-912)/(-6).
149
Suppose -5*c = -2388 - 4607. Let i = -485 + c. What are the prime factors of i?
2, 457
Let f(l) = 6*l - 21. Let r be f(4). Suppose 0 = 2*y - r*j + 5*j - 568, 0 = -5*y + 3*j + 1428. List the prime factors of y.
3, 5, 19
Let z be (-139)/(-1)*(6 - 5). Suppose 144*u = z*u + 10. Suppose q - 26 = -3*l, 77 = 4*q + u*l + l. List the prime factors of q.
17
Let r = -18310 - -31446. List the prime factors of r.
2, 821
Let g = -293 - -118. Let k = 945 + g. List the prime factors of k.
2, 5, 7, 11
Let l = 191692 - 131432. What are the prime factors of l?
2, 5, 23, 131
Let o = 1119 + 961. List the prime factors of o.
2, 5, 13
Let p be 12 + 10*2/(-5). Suppose p*g + 4147 = 19*g. What are the prime factors of g?
13, 29
Suppose 0 = -672*o + 583*o + 443932. What are the prime factors of o?
2, 29, 43
Let z(m) = 5*m - 15. Let g(o) = o - 1. Let v(r) = 4*g(r) - z(r). Let k be v(-16). Let s = k + 51. List the prime factors of s.
2, 3, 13
Suppose -7986 = 4*d - 15*d. Let y = d + -281. List the prime factors of y.
5, 89
Let y = -7720 - -14722. List the prime factors of y.
2, 3, 389
Let d(y) = -22*y - 14. Let k(t) = -65*t - 40. Let x(i) = -10*d(i) + 3*k(i). What are the prime factors of x(10)?
2, 3, 5
Let a = 11279 + -6544. List the prime factors of a.
5, 947
Let b = 14482 - 9884. What are the prime factors of b?
2, 11, 19
Let r(m) = -2*m**2 - 4*m - 2. Let b be r(-3). Let w(u) = -23 - 18 - 1559*u + 763*u + 783*u. What are the prime factors of w(b)?
3, 7
Let k(v) = v**3 + 7*v**2 - 10*v - 52. List the prime factors of k(6).
2, 89
Let v be -5 + 0 - (1 + -1 - 3). What are the prime factors of 282 - 9/(-3) - v?
7, 41
Let n(j) = 27*j - 142. Let x(h) = -9*h + 47. Let a(g) = -4*n(g) - 11*x(g). What are the prime factors of a(-27)?
2, 3, 7
Let l(t) = -59*t**3 + 5*t**2 - 13*t - 78. What are the prime factors of l(-5)?
7487
Suppose -y = -4*i + 29, 0 = 5*i - 4*i + 4*y - 20. Let x = 8 - i. Suppose -5*t - 5 = x, 4*p = t + 310 + 475. List the prime factors of p.
2, 7
Let d(t) = -80*t - 92. Let a be d(-5). Let x = a - 194. List the prime factors of x.
2, 3, 19
Suppose -212*k + 205*k + 18228 = 0. What are the prime factors of k?
2, 3, 7, 31
Let x(y) = -3*y**2 - 32*y - 8. Let m be x(-10). Suppose 1584 = m*o - 3084. What are the prime factors of o?
389
Suppose -6*f + 2*f - 22 = -5*c, 13 = 2*c - 3*f. Suppose 0 = -c*d - 4*u + 148, 4*u = 24 - 8. List the prime factors of d.
2, 3, 11
Let k(i) = 3*i - 13. Let f(o) = -o + 4. Let j(t) = 8*f(t) + 3*k(t). Let u be j(9). List the prime factors of (99/(-2))/(-3)*u.
3, 11
Let w be -15 + (-312)/(-16) + (-3)/2. Suppose -w*b = -4*b + 2*c + 825, -c = -2*b + 1656. What are the prime factors of b?
829
Let i(s) be the second derivative of s**5/10 - s**4/24 + 5*s**3/3 - 27*s**2/2 + 16*s. Let r(m) be the first derivative of i(m). List the prime factors of r(-4).
2, 5, 11
Let y be (19 - 23)*((-33)/4 + 0). Suppose 0 = -2*m + 247 - y. Suppose 8*b - 53 - m = 0. What are the prime factors of b?
2, 5
Suppose 27*y - 22*y - 4125 = 0. Suppose 0 = -30*d + 33*d - y. Suppose -125 = -2*v + d. What are the prime factors of v?
2, 5
Suppose 0*b - 4*w + 43 = 5*b, 3*w + 29 = 5*b. Let i(y) = 2*y**2 - 8*y - 14. Let l be i(b). Suppose l*x - 600 = 23*x. What are the prime factors of x?
2, 3, 5
Let m(b) = 14*b**3 + 3*b**2 + b - 4. Let j be m(-3). Let k = 203 + j. Let h = -67 - k. What are the prime factors of h?
2, 11
Let q(i) = -20*i + 150. Let l be q(7). Suppose -2*o - l*o = -11388. List the prime factors of o.
13, 73
Let t(x) = -x**2 - 5*x - 15. Let k be t(-3). Let p = -4 - k. What are the prime factors of -5*(-30 + -2 + p)?
3, 5
Suppose 207*h + 164760 = 231*h. What are the prime factors of h?
5, 1373
Suppose 10*d - 4*d = 36. List the prime factors of (7848/60)/(d/15).
3, 109
Suppose 20*k = 282328 - 17888. What are the prime factors of k?
2, 11, 601
Let h(y) = 223*y**2 - 2*y + 1. Let b be (-1)/(175/(-45) + 4). Let i = 8 + b. List the prime factors of h(i).
2, 113
Let g(m) be the first derivative of -m**4/6 - 17*m**3/3 + 7*m + 3. Let p(z) be the first derivative of g(z). List the prime factors of p(-16).
2
Let t(n) = 26*n**3 + n**2 - 12*n + 7. Let a(u) = 4*u**3 + u**2 - 2*u + 1. Let k(l) = 5*a(l) - t(l). Let x = 4 - 6. List the prime factors of k(x).
2, 29
Suppose q + 5*d - 63 = 0, -q - 2*q + 4*d = -113. Let t = -201 + 220. Let i = q + t. List the prime factors of i.
2, 31
Suppose 9 = 5*u - 4*q, 2*q + 43 = 51. Let m(j) = 394*j - 157. List the prime factors of m(u).
7, 37
Let a(u) = u**2 + 11*u - 51. Let h be a(16). Suppose 4*n = -2*v + h + 945, -4*n = -3*v - 1311. What are the prime factors of n?
2, 3, 5, 11
Let k = -6847 + 7274. What are the prime factors of k?
7, 61
Suppose 5*j = 2*o - 6244, 0 = -4*o - 133*j + 128*j + 12518. What are the prime factors of o?
53, 59
Let l(w) = w**3 + 15*w**2 - 27*w - 27. Let a be l(10). Suppose 0 = -22*c - a + 31771. List the prime factors of c.
2, 3, 7
Let o = 5 - -109. Suppose -o*n = -111*n - 1251. List the prime factors of n.
3, 139
Let v = -815 - -815. Suppose 631*y - 626*y - 2070 = v. List the prime factors of y.
2, 3, 23
Suppose 0 = a + 749*h - 745*h - 4526, 2*a + 5*h - 9049 = 0. What are the prime factors of a?
2, 7, 17, 19
Let n(o) = 2*o**2 - 24*o + 3. Let x be n(-10). Suppose 5*d = -v + 125, -d + x = 3*v + v. List the prime factors of v.
2, 5, 11
Suppose 10*c + 77522 = 15*c + 4*k, 0 = -3*c - 4*k + 46502. List the prime factors of c.
2, 3, 5, 11, 47
Suppose 0 = 55*b - 1074745 - 1863960. What are the prime factors of b?
7, 17, 449
Suppose -93*o = -91*o + 3*d - 16174, 5*o + 3*d = 40417. What are the prime factors of o?
8081
Suppose -4*q = 2*b - 46, 6*b - b = -5*q + 65. List the prime factors of 4/q + 15720/75.
2, 3, 5, 7
Let s(d) = 2*d**3 - 17*d**2 - 25*d + 5. Let r(y) = -y**3 + 9*y**2 - 11*y - 10. Let u be r(7). List the prime factors of s(u).
5, 67
Let d = -60 - -173. Suppose v = -2*a + 259, -d = -4*a + 3*a + 5*v. Suppose 0 = -3*g + b + 400, -a = -g + b - 6*b. List the prime factors of g.
7, 19
Let c = -505 + -238. Let n = c - -1188. List the prime factors of n.
5, 89
Let w = 1037 - -7940. What are the prime factors of w?
47, 191
Suppose -1406*w + 1675*w = 282181. What are the prime factors of w?
1049
Suppose 40*q = 42*q + 2. What are the prime factors of (105/14)/(156/152 + q)?
3, 5, 19
Suppose -3*b + 2934 = -5*m - 1239, -3*b = -m - 4185. Let l = b - 950. List the prime factors of l.
2, 223
Let i be ((-3)/2)/(-3)*6. Suppose -14*f - 9450 = -49*f. Suppose 5*h - 5*n - f = 0, 62 = h - 0*n - i*n. What are the prime factors of h?
2, 5
Let k be (1 + 3 + -3)/1*8. Suppose -k*o + 49 = -o. Suppose 0 = -o*g + 5*g + 82. What are the prime factors of g?
41
Let v(h) = 13*h - 34. Let z be 36/(-1 - 1)*9/(-18). Let m be v(z). Suppose -b - m = -r, 3*r - r + 4*b = 148. List the prime factors of r.
2, 5
Let t(l) = -3*l + 2. Let b be t(-4). Suppose 17*k = b*k + 12. Suppose 1032 = 8*c + k*c. What are the prime factors of c?
2, 43
Let b(g) = 2399*g - 84. What are the prime factors of b(5)?
43, 277
Suppose 4 = 2*w - i, -5*w + 6 + 2 = -2*i. Suppose -3*n - 18 + 198 = w. Suppose -35*o - n = -36*o. List the prime factors of o.
2, 3, 5
Suppose -28 = -g - g - 4*a, 4*g = -5*a + 47. Suppose g*d = 318 + 650. List the prime factor